{"id":168,"date":"2015-05-07T20:39:24","date_gmt":"2015-05-07T20:39:24","guid":{"rendered":"http:\/\/cestaharmonie.sk\/?page_id=168"},"modified":"2015-05-11T13:26:59","modified_gmt":"2015-05-11T13:26:59","slug":"bozske-zdravie","status":"publish","type":"page","link":"https:\/\/cestaharmonie.sk\/?page_id=168","title":{"rendered":"Bo\u017esk\u00e9 zdravie"},"content":{"rendered":"<p>Pou\u017e\u00edvan\u00edm energie Bo\u017esk\u00e9ho zdravia, \u010dlovek vn\u00edma pokoj a k\u013eud, ktor\u00fd prenik\u00e1 do cel\u00e9ho tela, do ka\u017edej bunky. Takto navracia telu aj du\u0161i prirodzen\u00e9 zdravie.<\/p>\n<p><a href=\"http:\/\/www.janrychlik.cz\"><strong>viac<\/strong><\/a><\/p>\n<p>&nbsp;<\/p>\n","protected":false},"excerpt":{"rendered":"<p>Pou\u017e\u00edvan\u00edm energie Bo\u017esk\u00e9ho zdravia, \u010dlovek vn\u00edma pokoj a k\u013eud, ktor\u00fd prenik\u00e1 do cel\u00e9ho tela, do ka\u017edej bunky. Takto navracia telu aj du\u0161i prirodzen\u00e9 zdravie. viac &nbsp;<\/p>\n","protected":false},"author":1,"featured_media":0,"parent":102,"menu_order":0,"comment_status":"open","ping_status":"open","template":"content-sidebar-page.php","meta":[],"_links":{"self":[{"href":"https:\/\/cestaharmonie.sk\/index.php?rest_route=\/wp\/v2\/pages\/168"}],"collection":[{"href":"https:\/\/cestaharmonie.sk\/index.php?rest_route=\/wp\/v2\/pages"}],"about":[{"href":"https:\/\/cestaharmonie.sk\/index.php?rest_route=\/wp\/v2\/types\/page"}],"author":[{"embeddable":true,"href":"https:\/\/cestaharmonie.sk\/index.php?rest_route=\/wp\/v2\/users\/1"}],"replies":[{"embeddable":true,"href":"https:\/\/cestaharmonie.sk\/index.php?rest_route=%2Fwp%2Fv2%2Fcomments&post=168"}],"version-history":[{"count":5,"href":"https:\/\/cestaharmonie.sk\/index.php?rest_route=\/wp\/v2\/pages\/168\/revisions"}],"predecessor-version":[{"id":219,"href":"https:\/\/cestaharmonie.sk\/index.php?rest_route=\/wp\/v2\/pages\/168\/revisions\/219"}],"up":[{"embeddable":true,"href":"https:\/\/cestaharmonie.sk\/index.php?rest_route=\/wp\/v2\/pages\/102"}],"wp:attachment":[{"href":"https:\/\/cestaharmonie.sk\/index.php?rest_route=%2Fwp%2Fv2%2Fmedia&parent=168"}],"curies":[{"name":"wp","href":"https:\/\/api.w.org\/{rel}","templated":true}]}}